{"id":6268,"date":"2024-02-06T18:21:58","date_gmt":"2024-02-06T18:21:58","guid":{"rendered":"https:\/\/ideallab.com.br\/loja\/?post_type=product&#038;p=6268"},"modified":"2024-02-06T18:25:23","modified_gmt":"2024-02-06T18:25:23","slug":"estetoscopio-spirit-professional-adulto","status":"publish","type":"product","link":"https:\/\/ideallab.com.br\/loja\/?product=estetoscopio-spirit-professional-adulto","title":{"rendered":"Estetosc\u00f3pio Spirit\u00ae Professional Adulto"},"content":{"rendered":"<p class=\"style20\">O Professional \u00e9 a vers\u00e3o mais cl\u00e1ssica dos estetosc\u00f3pios Spirit\u00ae, ajudam milhares de profissionais a atingir o seu melhor<\/p>\n<p class=\"style2\">&#8211; O Spirit\u00ae Professional \u00e9 indicado para diagn\u00f3sticos m\u00e9dicos, amplifica os sons card\u00edacos, pulmonares ou quaisquer outros sons corporais.<br \/>\n&#8211; Cabe\u00e7a dupla permite a ausculta\u00e7\u00e3o dos sons de altas e baixas frequ\u00eancias.<br \/>\n&#8211; Molas internas refor\u00e7adas com camada dupla de metal, para maior resist\u00eancia e melhor ajuste da tens\u00e3o.<br \/>\n&#8211; As hastes binaurais s\u00e3o leves, mais resistentes e ajustadas a um \u00e2ngulo de 15\u00b0, o que proporciona melhor ergonomia e conforto.<br \/>\n&#8211; Auscultador fabricado em a\u00e7o inox, melhor resposta das frequ\u00eancias, com graves e agudos bem definidos.<br \/>\n&#8211; N\u00e3o cont\u00e9m l\u00e1tex.<\/p>\n<p class=\"style2\"><span class=\"style20\">Kit sobressalente que acompanham o produto:<\/span><\/p>\n<p class=\"style2\">&#8211; 02 pares de olivas macias<br \/>\n&#8211; 01 Identificador de propriedade<\/p>\n<p class=\"style2\"><span class=\"style20\">Benef\u00edcios<\/span><\/p>\n<p class=\"style2\">&#8211; Diafragma sintoniz\u00e1vel capta sons de altas e baixas frequ\u00eancias, sem a necessidade de mudar o lado do auscultador.<br \/>\n&#8211; As olivas macias de silicone ajustam-se anatomicamente ao canal auditivo, permitindo maior conforto e seu encaixe sem rosca cria uma excelente veda\u00e7\u00e3o ac\u00fastica.<br \/>\n&#8211; Olivas com tecnologia de Nano silicone, n\u00e3o absorvem sujeiras e s\u00e3o de f\u00e1cil limpeza.<br \/>\n&#8211; Utiliza sistema de anel n\u00e3o frio para maior conforto t\u00e9rmico do paciente.<br \/>\n&#8211; Tubo PVC com diversas op\u00e7\u00f5es de cores, incluindo tons perolizados.<br \/>\n&#8211; O acabamento das partes em metal podem ser na cor preta, vers\u00e3o black edition.<\/p>\n<p><span class=\"style20\">Informa\u00e7\u00f5es T\u00e9cnicas<\/span><\/p>\n<p><span class=\"style2\">Auscultador: Cabe\u00e7a dupla<br \/>\nMaterial do Auscultador: A\u00e7o Inox<br \/>\nAcabamento do Auscultador: Polido<br \/>\nDi\u00e2metro do diafragma: 4,4cm<br \/>\nMaterial do Diafragma: Ep\u00f3xi \/ Fibra de vidro<br \/>\nTipo do Diafragma: Sintoniz\u00e1vel<br \/>\nDi\u00e2metro do Sino: 3,2cm<br \/>\nMaterial das Olivas: Nano silicone<br \/>\nAcabamento da Haste: Polido<br \/>\nTubo em Y: \u00danico de PVC<br \/>\nComprimento Total: 78cm<br \/>\nPeso Total: 145g<br \/>\nGarantia: 5 anos<\/span><\/p>\n<p class=\"style2\"><span class=\"style20\">Certifica\u00e7\u00f5es<\/span><\/p>\n<p class=\"style2\">ANVISA: 80070210013<br \/>\nGMP \u2013 Good Manufacturing Practice (Boas Pr\u00e1ticas de Fabrica\u00e7\u00e3o)<br \/>\nFDA U.S. \u2013 Food and Drug Administration<br \/>\nCE 0434<br \/>\nISO13485<\/p>\n","protected":false},"excerpt":{"rendered":"<p>O Professional \u00e9 a vers\u00e3o mais cl\u00e1ssica dos estetosc\u00f3pios Spirit\u00ae, ajudam milhares de profissionais a atingir o seu melhor &#8211; O Spirit\u00ae Professional \u00e9 indicado para diagn\u00f3sticos m\u00e9dicos, amplifica os sons card\u00edacos, pulmonares ou quaisquer outros sons corporais. &#8211; Cabe\u00e7a dupla permite a ausculta\u00e7\u00e3o dos sons de altas e baixas frequ\u00eancias. &#8211; Molas internas refor\u00e7adas<a href=\"https:\/\/ideallab.com.br\/loja\/?product=estetoscopio-spirit-professional-adulto\" class=\"more-link\">Read More<\/a><\/p>\n","protected":false},"featured_media":6269,"comment_status":"open","ping_status":"closed","template":"","meta":[],"product_cat":[279,273],"product_tag":[],"class_list":{"0":"post-6268","1":"product","2":"type-product","3":"status-publish","4":"has-post-thumbnail","6":"product_cat-estetoscopio-spirit-professional-adulto","7":"product_cat-estetoscopios","8":"product-column","10":"first","11":"instock","12":"shipping-taxable","13":"product-type-simple"},"_links":{"self":[{"href":"https:\/\/ideallab.com.br\/loja\/index.php?rest_route=\/wp\/v2\/product\/6268","targetHints":{"allow":["GET"]}}],"collection":[{"href":"https:\/\/ideallab.com.br\/loja\/index.php?rest_route=\/wp\/v2\/product"}],"about":[{"href":"https:\/\/ideallab.com.br\/loja\/index.php?rest_route=\/wp\/v2\/types\/product"}],"replies":[{"embeddable":true,"href":"https:\/\/ideallab.com.br\/loja\/index.php?rest_route=%2Fwp%2Fv2%2Fcomments&post=6268"}],"wp:featuredmedia":[{"embeddable":true,"href":"https:\/\/ideallab.com.br\/loja\/index.php?rest_route=\/wp\/v2\/media\/6269"}],"wp:attachment":[{"href":"https:\/\/ideallab.com.br\/loja\/index.php?rest_route=%2Fwp%2Fv2%2Fmedia&parent=6268"}],"wp:term":[{"taxonomy":"product_cat","embeddable":true,"href":"https:\/\/ideallab.com.br\/loja\/index.php?rest_route=%2Fwp%2Fv2%2Fproduct_cat&post=6268"},{"taxonomy":"product_tag","embeddable":true,"href":"https:\/\/ideallab.com.br\/loja\/index.php?rest_route=%2Fwp%2Fv2%2Fproduct_tag&post=6268"}],"curies":[{"name":"wp","href":"https:\/\/api.w.org\/{rel}","templated":true}]}}