{"id":6225,"date":"2024-02-01T18:38:39","date_gmt":"2024-02-01T18:38:39","guid":{"rendered":"https:\/\/ideallab.com.br\/loja\/?post_type=product&#038;p=6225"},"modified":"2024-02-01T18:40:21","modified_gmt":"2024-02-01T18:40:21","slug":"homogeneizador-circular-26-tubos","status":"publish","type":"product","link":"https:\/\/ideallab.com.br\/loja\/?product=homogeneizador-circular-26-tubos","title":{"rendered":"Homogeneizador Circular 26 Tubos"},"content":{"rendered":"<p><strong>Homogeneizador de Sangue e Amostras Circular Para 26 Tubos.<\/strong><\/p>\n<p><strong>Com Presilha de Fibra de Naylon<\/strong><\/p>\n<p>Permite manter as solu\u00e7\u00f5es em suspens\u00e3o homog\u00eanea, lavar precipitados, preparar suspens\u00f5ese<br \/>\ndissolver as amostras que reagem lentamente.<\/p>\n<p>As presilhas s\u00e3o injetadas em (Fibra de Nylon), permitem colocar e remover frascos ou tubos<br \/>\ncom o aparelho em funcionamento, sem riscos, de danificar as etiquetas e c\u00f3digos de barras.<br \/>\nTem capacidade para 26 tubos de ensaio, com as presilhas fixadas em barra de alum\u00ednio.<\/p>\n<p><strong>Caracterist\u00edcas:<\/strong><\/p>\n<p>Funciona com motor el\u00e9trico\u00a0 com velocidade regul\u00e1vel de 6 a 40 RPM.<br \/>\nVelocidade ajust\u00e1vel (M\u00ednima de 6 RPM \/ M\u00e1xima 40 RPM);<\/p>\n<p>Capacidade de 26 tubos<br \/>\nSistema de Presilhas em Fibra de Nylon de alta resist\u00eancia<br \/>\nHomogeneizador Circular com movimento de 360\u00b0<br \/>\nChave Liga\/Desliga . Motor DC anti-ru\u00eddo sil\u00eancioso<br \/>\nConsumo de 45 Watts<br \/>\nFabrica\u00e7\u00e3o Chapa de a\u00e7o e Disco de PVC<br \/>\nPintura em ep\u00f3xi<br \/>\nVoltagem 110 ou 220v selecion\u00e1vel ( 50\/60Hz )<\/p>\n<p>Dimens\u00f5es: A 315 x L 255 x C 184 mm<\/p>\n<p>Peso 3 kg<\/p>\n<p><strong>Registro na ANVISA: N\u00b0 82097500003<\/strong><\/p>\n","protected":false},"excerpt":{"rendered":"<p>Homogeneizador de Sangue e Amostras Circular Para 26 Tubos. Com Presilha de Fibra de Naylon Permite manter as solu\u00e7\u00f5es em suspens\u00e3o homog\u00eanea, lavar precipitados, preparar suspens\u00f5ese dissolver as amostras que reagem lentamente. As presilhas s\u00e3o injetadas em (Fibra de Nylon), permitem colocar e remover frascos ou tubos com o aparelho em funcionamento, sem riscos, de<a href=\"https:\/\/ideallab.com.br\/loja\/?product=homogeneizador-circular-26-tubos\" class=\"more-link\">Read More<\/a><\/p>\n","protected":false},"featured_media":6214,"comment_status":"open","ping_status":"closed","template":"","meta":[],"product_cat":[257,263],"product_tag":[],"class_list":{"0":"post-6225","1":"product","2":"type-product","3":"status-publish","4":"has-post-thumbnail","6":"product_cat-equipamentos","7":"product_cat-homogeneizador-circular-26-tubos","8":"product-column","10":"first","11":"instock","12":"shipping-taxable","13":"product-type-simple"},"_links":{"self":[{"href":"https:\/\/ideallab.com.br\/loja\/index.php?rest_route=\/wp\/v2\/product\/6225","targetHints":{"allow":["GET"]}}],"collection":[{"href":"https:\/\/ideallab.com.br\/loja\/index.php?rest_route=\/wp\/v2\/product"}],"about":[{"href":"https:\/\/ideallab.com.br\/loja\/index.php?rest_route=\/wp\/v2\/types\/product"}],"replies":[{"embeddable":true,"href":"https:\/\/ideallab.com.br\/loja\/index.php?rest_route=%2Fwp%2Fv2%2Fcomments&post=6225"}],"wp:featuredmedia":[{"embeddable":true,"href":"https:\/\/ideallab.com.br\/loja\/index.php?rest_route=\/wp\/v2\/media\/6214"}],"wp:attachment":[{"href":"https:\/\/ideallab.com.br\/loja\/index.php?rest_route=%2Fwp%2Fv2%2Fmedia&parent=6225"}],"wp:term":[{"taxonomy":"product_cat","embeddable":true,"href":"https:\/\/ideallab.com.br\/loja\/index.php?rest_route=%2Fwp%2Fv2%2Fproduct_cat&post=6225"},{"taxonomy":"product_tag","embeddable":true,"href":"https:\/\/ideallab.com.br\/loja\/index.php?rest_route=%2Fwp%2Fv2%2Fproduct_tag&post=6225"}],"curies":[{"name":"wp","href":"https:\/\/api.w.org\/{rel}","templated":true}]}}