{"id":6201,"date":"2024-01-31T19:31:52","date_gmt":"2024-01-31T19:31:52","guid":{"rendered":"https:\/\/ideallab.com.br\/loja\/?post_type=product&#038;p=6201"},"modified":"2024-02-01T11:32:26","modified_gmt":"2024-02-01T11:32:26","slug":"termometro-digital-infravermelho-50380oc","status":"publish","type":"product","link":"https:\/\/ideallab.com.br\/loja\/?product=termometro-digital-infravermelho-50380oc","title":{"rendered":"Term\u00f4metro Infravermelho -50+380\u00baC"},"content":{"rendered":"<p>Especialmente\u00a0projetado para temperatura sem contato com o\u00a0Term\u00f4metro\u00a0Digital Infravermelho\u00a0DT-FS (-50 a 380 \u00b0 C) \u00e9 r\u00e1pido, preciso e mede a temperatura de qualquer superf\u00edcie que n\u00e3o reflita a luz, ou que praticamente elimina qualquer possibilidade de contamina\u00e7\u00e3o e outros danos a qualidade do produto.<\/p>\n<p>Escolha o term\u00f4metro sem contato que foi desenvolvido para uso em aplicativos que requerem agilidade na aplica\u00e7\u00e3o.<\/p>\n<p>Itens inclu\u00eddos:<br \/>\n\u2013 Term\u00f4metro Digital Infravermelho DT-FS<\/p>\n<p>Principais Caracter\u00edsticas:<\/p>\n<ul>\n<li>Faixa de temperatura: -50 \u00b0 C ~ 380 \/<\/li>\n<li>Resolu\u00e7\u00e3o do Display: 0.1 \/ 1 \u00b0 C<\/li>\n<li>Precis\u00e3o: \u00b1 2 \u00baC \/ 2% o que for maior<\/li>\n<li>Tempo de resposta: 800ms.<\/li>\n<li>Mira: 1 Laser Marcador &lt;1mW (Classe II).<\/li>\n<li>Resolu\u00e7\u00e3o \u00f3ptica: 12: 1<\/li>\n<li>Desligamento Autom\u00e1tico: Aprox.\u00a015s.<\/li>\n<li>Bateria: Padr\u00e3o 9V (NEDA 1604, IEC 6F22006P).<\/li>\n<li>Dura\u00e7\u00e3o da bateria: 12 horas de uso cont\u00ednuo (com laser e ilumina\u00e7\u00e3o).<\/li>\n<li>Dimens\u00f5es: 148 (A) x 105 (C) x 42 (P) mm.<\/li>\n<li>Peso: Aprox.\u00a0157g (incluindo a bateria).<\/li>\n<\/ul>\n","protected":false},"excerpt":{"rendered":"<p>Term\u00f4metro Infravermelho -50+380\u00b0<\/p>\n","protected":false},"featured_media":6202,"comment_status":"open","ping_status":"closed","template":"","meta":[],"product_cat":[253,251],"product_tag":[],"class_list":{"0":"post-6201","1":"product","2":"type-product","3":"status-publish","4":"has-post-thumbnail","6":"product_cat-termometro-digital-infravermelho-50380c","7":"product_cat-termometros","8":"product-column","10":"first","11":"instock","12":"shipping-taxable","13":"purchasable","14":"product-type-simple"},"_links":{"self":[{"href":"https:\/\/ideallab.com.br\/loja\/index.php?rest_route=\/wp\/v2\/product\/6201","targetHints":{"allow":["GET"]}}],"collection":[{"href":"https:\/\/ideallab.com.br\/loja\/index.php?rest_route=\/wp\/v2\/product"}],"about":[{"href":"https:\/\/ideallab.com.br\/loja\/index.php?rest_route=\/wp\/v2\/types\/product"}],"replies":[{"embeddable":true,"href":"https:\/\/ideallab.com.br\/loja\/index.php?rest_route=%2Fwp%2Fv2%2Fcomments&post=6201"}],"wp:featuredmedia":[{"embeddable":true,"href":"https:\/\/ideallab.com.br\/loja\/index.php?rest_route=\/wp\/v2\/media\/6202"}],"wp:attachment":[{"href":"https:\/\/ideallab.com.br\/loja\/index.php?rest_route=%2Fwp%2Fv2%2Fmedia&parent=6201"}],"wp:term":[{"taxonomy":"product_cat","embeddable":true,"href":"https:\/\/ideallab.com.br\/loja\/index.php?rest_route=%2Fwp%2Fv2%2Fproduct_cat&post=6201"},{"taxonomy":"product_tag","embeddable":true,"href":"https:\/\/ideallab.com.br\/loja\/index.php?rest_route=%2Fwp%2Fv2%2Fproduct_tag&post=6201"}],"curies":[{"name":"wp","href":"https:\/\/api.w.org\/{rel}","templated":true}]}}